{"id":133,"date":"2018-02-20T01:27:48","date_gmt":"2018-02-20T01:27:48","guid":{"rendered":"http:\/\/www.cee.unam.mx:81\/cee\/?page_id=133"},"modified":"2026-04-28T18:26:24","modified_gmt":"2026-04-28T18:26:24","slug":"publicaciones","status":"publish","type":"page","link":"https:\/\/www.cee.unam.mx\/index.php\/publicaciones\/","title":{"rendered":"PUBLICACIONES"},"content":{"rendered":"<div class=\"wpb-content-wrapper\"><p>[vc_row full_width=&#8221;stretch_row&#8221; content_placement=&#8221;middle&#8221; css=&#8221;.vc_custom_1759192228870{margin-top: 0px !important;border-top-width: 0px !important;padding-top: 0px !important;background-color: #2B8BD8 !important;}&#8221;][vc_column][vc_column_text css=&#8221;.vc_custom_1777400307560{padding-top: 3% !important;padding-bottom: 3% !important;}&#8221;]<\/p>\n<h2 class=\"cbz\" style=\"text-align: center;\"><span style=\"color: #ffffff;\">PUBLICACIONES<\/span><\/h2>\n<p>[\/vc_column_text][\/vc_column][\/vc_row][vc_row][vc_column][vc_empty_space][vc_row_inner][vc_column_inner width=&#8221;1\/4&#8243;][vc_single_image image=&#8221;2399&#8243; img_size=&#8221;full&#8221; alignment=&#8221;center&#8221; onclick=&#8221;custom_link&#8221; img_link_target=&#8221;_blank&#8221; css=&#8221;&#8221; link=&#8221;https:\/\/www.cee.unam.mx\/wp-content\/uploads\/2020\/09\/Informe_Ejecutivo_Encuesta_Docentes_UNAM_CUAIEED_VF.pdf&#8221;][vc_column_text css=&#8221;.vc_custom_1760318711870{margin-top: 0px !important;padding-top: 20px !important;padding-bottom: 20px !important;}&#8221;]<\/p>\n<h3 class=\"cbz\" style=\"text-align: center;\"><span style=\"color: #3baeac;\"><br \/>\n<a href=\"https:\/\/www.cee.unam.mx\/wp-content\/uploads\/2020\/09\/Informe_Ejecutivo_Encuesta_Docentes_UNAM_CUAIEED_VF.pdf\"><span style=\"color: #3baeac;\">Transici\u00f3n de los profesores de la UNAM a la educaci\u00f3n remota de emergencia durante la pandemia<\/span><\/a><br \/>\n<\/span><\/h3>\n<p>[\/vc_column_text][\/vc_column_inner][vc_column_inner width=&#8221;1\/4&#8243;][vc_single_image image=&#8221;2398&#8243; img_size=&#8221;full&#8221; alignment=&#8221;center&#8221; onclick=&#8221;custom_link&#8221; img_link_target=&#8221;_blank&#8221; css=&#8221;&#8221; link=&#8221;https:\/\/www.ceide.unam.mx\/?sdm_process_download=1&#038;download_id=6053&#8243;][vc_column_text css=&#8221;.vc_custom_1760318788293{margin-top: 0px !important;padding-top: 20px !important;padding-bottom: 20px !important;}&#8221;]<\/p>\n<h3 class=\"cbz\" style=\"text-align: center;\"><span style=\"color: #3baeac;\"><br \/>\n<a style=\"color: #3baeac;\" href=\"https:\/\/www.ceide.unam.mx\/?sdm_process_download=1&amp;download_id=6053\">Evaluaci\u00f3n del y para el Aprendizaje: Instrumentos y Estrategias.<\/a><br \/>\n<\/span><\/h3>\n<p>[\/vc_column_text][\/vc_column_inner][vc_column_inner width=&#8221;1\/4&#8243;][vc_single_image image=&#8221;2401&#8243; img_size=&#8221;full&#8221; alignment=&#8221;center&#8221; onclick=&#8221;custom_link&#8221; img_link_target=&#8221;_blank&#8221; css=&#8221;&#8221; link=&#8221;https:\/\/www.ceide.unam.mx\/?sdm_process_download=1&#038;download_id=6038&#8243;][vc_column_text css=&#8221;.vc_custom_1760318823853{margin-top: 0px !important;padding-top: 20px !important;padding-bottom: 20px !important;}&#8221;]<\/p>\n<h3 class=\"cbz\" style=\"text-align: center;\"><span style=\"color: #3baeac;\"><a href=\"https:\/\/www.ceide.unam.mx\/?sdm_process_download=1&amp;download_id=6038\"><span style=\"color: #3baeac;\">S\u00cdNTESIS<\/span><br \/>\n<span style=\"color: #3baeac;\">Buenas Pr\u00e1cticas en Evaluaci\u00f3n Educativa<\/span><\/a><\/span><\/h3>\n<p>[\/vc_column_text][\/vc_column_inner][vc_column_inner width=&#8221;1\/4&#8243;][vc_single_image image=&#8221;2564&#8243; img_size=&#8221;full&#8221; alignment=&#8221;center&#8221; onclick=&#8221;custom_link&#8221; img_link_target=&#8221;_blank&#8221; css=&#8221;&#8221; link=&#8221;https:\/\/www.ceide.unam.mx\/wp-content\/uploads\/2024\/08\/Fasciculo-Evaluacion-Aprendizaje-Pandemia-UNAM.pdf&#8221;][vc_column_text css=&#8221;.vc_custom_1760318883032{margin-top: 0px !important;padding-top: 20px !important;padding-bottom: 20px !important;}&#8221;]<\/p>\n<h3 class=\"cbz\" style=\"text-align: center;\"><span style=\"color: #ffffff;\"><a href=\"https:\/\/www.ceide.unam.mx\/?sdm_process_download=1&amp;download_id=6038\"><span style=\"color: #3baeac;\">La evaluaci\u00f3n de los aprendizajes en la UNAM durante la pandemia<\/span><\/a><\/span><\/h3>\n<p>[\/vc_column_text][\/vc_column_inner][\/vc_row_inner][vc_row_inner][vc_column_inner width=&#8221;1\/4&#8243;][vc_single_image image=&#8221;2567&#8243; img_size=&#8221;full&#8221; alignment=&#8221;center&#8221; onclick=&#8221;custom_link&#8221; img_link_target=&#8221;_blank&#8221; css=&#8221;&#8221; link=&#8221;https:\/\/www.ceide.unam.mx\/wp-content\/uploads\/2025\/01\/EducacionPostpandemiaUNAM_CEIDE.pdf&#8221;][vc_column_text css=&#8221;.vc_custom_1760319115673{margin-top: 0px !important;padding-top: 20px !important;padding-bottom: 20px !important;}&#8221;]<\/p>\n<h3 class=\"cbz\" style=\"text-align: center;\"><span style=\"color: #3baeac;\"><a style=\"color: #3baeac;\" href=\"https:\/\/www.ceide.unam.mx\/wp-content\/uploads\/2025\/01\/EducacionPostpandemiaUNAM_CEIDE.pdf\">La educaci\u00f3n en la UNAM en la postpandemia<\/a><\/span><\/h3>\n<p>[\/vc_column_text][\/vc_column_inner][vc_column_inner width=&#8221;1\/4&#8243;][\/vc_column_inner][vc_column_inner width=&#8221;1\/4&#8243;][\/vc_column_inner][vc_column_inner width=&#8221;1\/4&#8243;][vc_column_text css=&#8221;.vc_custom_1760319141394{padding-top: 20px !important;padding-bottom: 20px !important;background-color: #3BAEAC !important;}&#8221;]<\/p>\n<p style=\"text-align: center;\"><a title=\"ver m\u00e1s publicaciones en CEIDE\" href=\"https:\/\/www.ceide.unam.mx\/index.php\/libros\/\" target=\"_blank\" rel=\"noopener\"><span style=\"color: #ffffff;\"><strong>ver m\u00e1s publicaciones<\/strong><\/span><\/a><\/p>\n<p>[\/vc_column_text][\/vc_column_inner][\/vc_row_inner][\/vc_column][\/vc_row][vc_row][vc_column][vc_empty_space][vc_column_text css=&#8221;.vc_custom_1760319303124{margin-bottom: 0px !important;}&#8221;]<\/p>\n<h2 class=\"cbz\" style=\"text-align: center;\"><span style=\"color: #69a09f;\"><span style=\"color: #3baeac;\">PUBLICACIONES ESPECIALIZADAS EN EVALUACI\u00d3N<\/span> <\/span><\/h2>\n<p>[\/vc_column_text][vc_empty_space][vc_row_inner][vc_column_inner width=&#8221;1\/4&#8243;][vc_single_image image=&#8221;1058&#8243; img_size=&#8221;full&#8221; alignment=&#8221;center&#8221; onclick=&#8221;custom_link&#8221; img_link_target=&#8221;_blank&#8221; css=&#8221;&#8221; link=&#8221;https:\/\/revistas.uam.es\/riee&#8221;][vc_column_text css=&#8221;.vc_custom_1760319334351{margin-top: 0px !important;padding-top: 20px !important;padding-bottom: 20px !important;}&#8221;]<\/p>\n<h3 class=\"cbz\" style=\"text-align: center;\"><span style=\"color: #3baeac;\">Revista Iberoamericana de Evaluaci\u00f3n Educativa<br \/>\n<\/span><\/h3>\n<p>[\/vc_column_text][\/vc_column_inner][vc_column_inner width=&#8221;1\/4&#8243;][vc_single_image image=&#8221;1048&#8243; img_size=&#8221;full&#8221; alignment=&#8221;center&#8221; onclick=&#8221;custom_link&#8221; img_link_target=&#8221;_blank&#8221; link=&#8221;https:\/\/www.uv.es\/RELIEVE\/&#8221;][vc_column_text css=&#8221;.vc_custom_1760319647972{margin-top: 0px !important;padding-top: 20px !important;padding-bottom: 20px !important;}&#8221;]<\/p>\n<h3 class=\"cbz\" style=\"text-align: center;\"><span style=\"color: #3baeac;\">Revista Electr\u00f3nica de Investigaci\u00f3n y Evaluaci\u00f3n Educativa<\/span><\/h3>\n<p>[\/vc_column_text][\/vc_column_inner][vc_column_inner width=&#8221;1\/4&#8243;][vc_single_image image=&#8221;1054&#8243; img_size=&#8221;full&#8221; alignment=&#8221;center&#8221; onclick=&#8221;custom_link&#8221; img_link_target=&#8221;_blank&#8221; css=&#8221;&#8221; link=&#8221;https:\/\/ijere.iaescore.com\/index.php\/IJERE&#8221;][vc_column_text css=&#8221;.vc_custom_1760319669326{margin-top: 0px !important;padding-top: 20px !important;padding-bottom: 20px !important;}&#8221;]<\/p>\n<h3 class=\"cbz\" style=\"text-align: center;\"><span style=\"color: #3baeac;\">International Journal of Evaluation and Research in Education<\/span><\/h3>\n<p>[\/vc_column_text][\/vc_column_inner][vc_column_inner width=&#8221;1\/4&#8243;][vc_single_image image=&#8221;1401&#8243; img_size=&#8221;full&#8221; alignment=&#8221;center&#8221; onclick=&#8221;custom_link&#8221; img_link_target=&#8221;_blank&#8221; css=&#8221;&#8221; link=&#8221;https:\/\/openpublishing.library.umass.edu\/pare\/&#8221;][vc_column_text css=&#8221;.vc_custom_1760319698231{margin-top: 0px !important;padding-top: 20px !important;padding-bottom: 20px !important;}&#8221;]<\/p>\n<h3 class=\"cbz\" style=\"text-align: center;\"><span style=\"color: #3baeac;\">Practical Assessment, Research &amp; Evaluation<\/span><\/h3>\n<p>[\/vc_column_text][\/vc_column_inner][\/vc_row_inner][vc_empty_space height=&#8221;92px&#8221;][vc_row_inner][vc_column_inner width=&#8221;1\/4&#8243;][vc_single_image image=&#8221;1319&#8243; img_size=&#8221;full&#8221; alignment=&#8221;center&#8221; onclick=&#8221;custom_link&#8221; img_link_target=&#8221;_blank&#8221; link=&#8221;http:\/\/journals.sagepub.com\/home\/evi&#8221;][vc_column_text css=&#8221;.vc_custom_1760319803615{margin-top: 0px !important;padding-top: 20px !important;padding-bottom: 20px !important;}&#8221;]<\/p>\n<h3 class=\"cbz\" style=\"text-align: center;\"><span style=\"color: #3baeac;\">Evaluation<\/span><\/h3>\n<p>[\/vc_column_text][\/vc_column_inner][vc_column_inner width=&#8221;1\/4&#8243;][vc_single_image image=&#8221;1056&#8243; img_size=&#8221;full&#8221; alignment=&#8221;center&#8221; onclick=&#8221;custom_link&#8221; img_link_target=&#8221;_blank&#8221; link=&#8221;http:\/\/onlinelibrary.wiley.com\/doi\/10.1111\/jedm.2018.55.issue-1\/issuetoc&#8221;][vc_column_text css=&#8221;.vc_custom_1760319782240{margin-top: 0px !important;padding-top: 20px !important;padding-bottom: 20px !important;}&#8221;]<\/p>\n<h3 class=\"cbz\" style=\"text-align: center;\"><span style=\"color: #3baeac;\">Journal of Educational Measurement<\/span><\/h3>\n<p>[\/vc_column_text][\/vc_column_inner][vc_column_inner width=&#8221;1\/4&#8243;][vc_single_image image=&#8221;1055&#8243; img_size=&#8221;full&#8221; alignment=&#8221;center&#8221; onclick=&#8221;custom_link&#8221; img_link_target=&#8221;_blank&#8221; css=&#8221;&#8221; link=&#8221;https:\/\/www.sciencedirect.com\/journal\/studies-in-educational-evaluation&#8221;][vc_column_text css=&#8221;.vc_custom_1760319760449{margin-top: 0px !important;padding-top: 20px !important;padding-bottom: 20px !important;}&#8221;]<\/p>\n<h3 class=\"cbz\" style=\"text-align: center;\"><span style=\"color: #3baeac;\">Studies in Educational Evaluation<\/span><\/h3>\n<p>[\/vc_column_text][\/vc_column_inner][vc_column_inner width=&#8221;1\/4&#8243;][vc_single_image image=&#8221;1051&#8243; img_size=&#8221;full&#8221; alignment=&#8221;center&#8221; onclick=&#8221;custom_link&#8221; img_link_target=&#8221;_blank&#8221; link=&#8221;http:\/\/onlinelibrary.wiley.com\/journal\/10.1002\/(ISSN)1534-875X&#8221;][vc_column_text css=&#8221;.vc_custom_1760319722856{margin-top: 0px !important;padding-top: 20px !important;padding-bottom: 20px !important;}&#8221;]<\/p>\n<h3 class=\"cbz\" style=\"text-align: center;\"><span style=\"color: #3baeac;\">New Directions for Evaluation<\/span><\/h3>\n<p>[\/vc_column_text][\/vc_column_inner][\/vc_row_inner][vc_empty_space height=&#8221;92px&#8221;][vc_row_inner][vc_column_inner width=&#8221;1\/4&#8243;][vc_single_image image=&#8221;1053&#8243; img_size=&#8221;full&#8221; alignment=&#8221;center&#8221; onclick=&#8221;custom_link&#8221; img_link_target=&#8221;_blank&#8221; link=&#8221;http:\/\/journals.sfu.ca\/jmde\/index.php\/jmde_1\/index&#8221;][vc_column_text css=&#8221;.vc_custom_1760319832336{margin-top: 0px !important;padding-top: 20px !important;padding-bottom: 20px !important;}&#8221;]<\/p>\n<h3 class=\"cbz\" style=\"text-align: center;\"><span style=\"color: #3baeac;\">Journal of Multidisciplinary Evaluation<\/span><\/h3>\n<p>[\/vc_column_text][\/vc_column_inner][vc_column_inner width=&#8221;1\/4&#8243;][vc_single_image image=&#8221;1055&#8243; img_size=&#8221;full&#8221; alignment=&#8221;center&#8221; onclick=&#8221;custom_link&#8221; img_link_target=&#8221;_blank&#8221; css=&#8221;&#8221; link=&#8221;https:\/\/www.sciencedirect.com\/journal\/economics-of-education-review&#8221;][vc_column_text css=&#8221;.vc_custom_1760319872108{margin-top: 0px !important;padding-top: 20px !important;padding-bottom: 20px !important;}&#8221;]<\/p>\n<h3 class=\"cbz\" style=\"text-align: center;\"><span style=\"color: #3baeac;\">Economics of Education Review<\/span><\/h3>\n<p>[\/vc_column_text][\/vc_column_inner][vc_column_inner width=&#8221;1\/4&#8243;][vc_single_image image=&#8221;1322&#8243; img_size=&#8221;full&#8221; alignment=&#8221;center&#8221; onclick=&#8221;custom_link&#8221; img_link_target=&#8221;_blank&#8221; link=&#8221;https:\/\/link.springer.com\/journal\/volumesAndIssues\/11092&#8243;][vc_column_text css=&#8221;.vc_custom_1760319854469{margin-top: 0px !important;padding-top: 20px !important;padding-bottom: 20px !important;}&#8221;]<\/p>\n<h3 class=\"cbz\" style=\"text-align: center;\"><span style=\"color: #3baeac;\">Educational Assessment, Evaluation and Accountability<\/span><\/h3>\n<p>[\/vc_column_text][\/vc_column_inner][vc_column_inner width=&#8221;1\/4&#8243;][vc_single_image image=&#8221;1324&#8243; img_size=&#8221;full&#8221; alignment=&#8221;center&#8221; onclick=&#8221;custom_link&#8221; img_link_target=&#8221;_blank&#8221; link=&#8221;http:\/\/journals.sagepub.com\/home\/aei&#8221;][vc_column_text css=&#8221;.vc_custom_1760319892039{margin-top: 0px !important;padding-top: 20px !important;padding-bottom: 20px !important;}&#8221;]<\/p>\n<h3 class=\"cbz\" style=\"text-align: center;\"><span style=\"color: #3baeac;\">Assessment for Effective Intervention<\/span><\/h3>\n<p>[\/vc_column_text][\/vc_column_inner][\/vc_row_inner][vc_empty_space height=&#8221;92px&#8221;][vc_row_inner][vc_column_inner width=&#8221;1\/4&#8243;][vc_single_image image=&#8221;1330&#8243; img_size=&#8221;full&#8221; alignment=&#8221;center&#8221; onclick=&#8221;custom_link&#8221; img_link_target=&#8221;_blank&#8221; link=&#8221;https:\/\/www.tandfonline.com\/toc\/hame20\/current&#8221;][vc_column_text css=&#8221;.vc_custom_1760319958428{margin-top: 0px !important;padding-top: 20px !important;padding-bottom: 20px !important;}&#8221;]<\/p>\n<h3 class=\"cbz\" style=\"text-align: center;\"><span style=\"color: #3baeac;\">Applied Measurement in Education<\/span><\/h3>\n<p>[\/vc_column_text][\/vc_column_inner][vc_column_inner width=&#8221;1\/4&#8243;][vc_single_image image=&#8221;1399&#8243; img_size=&#8221;full&#8221; alignment=&#8221;center&#8221; onclick=&#8221;custom_link&#8221; img_link_target=&#8221;_blank&#8221; css=&#8221;&#8221; link=&#8221;https:\/\/www.tandfonline.com\/journals\/uecd20&#8243;][vc_column_text css=&#8221;.vc_custom_1760319939411{margin-top: 0px !important;padding-top: 20px !important;padding-bottom: 20px !important;}&#8221;]<\/p>\n<h3 class=\"cbz\" style=\"text-align: center;\"><span style=\"color: #3baeac;\">Measurement and Evaluation in Counseling and Development<\/span><\/h3>\n<p>[\/vc_column_text][\/vc_column_inner][vc_column_inner width=&#8221;1\/4&#8243;][vc_single_image image=&#8221;1404&#8243; img_size=&#8221;full&#8221; alignment=&#8221;center&#8221; onclick=&#8221;custom_link&#8221; img_link_target=&#8221;_blank&#8221; link=&#8221;http:\/\/journals.sagepub.com\/home\/epa&#8221;][vc_column_text css=&#8221;.vc_custom_1760319924466{margin-top: 0px !important;padding-top: 20px !important;padding-bottom: 20px !important;}&#8221;]<\/p>\n<h3 class=\"cbz\" style=\"text-align: center;\"><span style=\"color: #3baeac;\">Educational Evaluation and Policy Analysis<\/span><\/h3>\n<p>[\/vc_column_text][\/vc_column_inner][vc_column_inner width=&#8221;1\/4&#8243;][vc_single_image image=&#8221;1402&#8243; img_size=&#8221;full&#8221; alignment=&#8221;center&#8221; onclick=&#8221;custom_link&#8221; img_link_target=&#8221;_blank&#8221; link=&#8221;http:\/\/www.apa.org\/pubs\/journals\/pas\/index.aspx?_ga=2.68178390.637049638.1525714981-661549563.1525714981&#8243;][vc_column_text css=&#8221;.vc_custom_1760319617387{margin-top: 0px !important;padding-top: 20px !important;padding-bottom: 20px !important;}&#8221;]<\/p>\n<h3 class=\"cbz\" style=\"text-align: center;\"><span style=\"color: #3baeac;\">Psychological Assessment<\/span><\/h3>\n<p>[\/vc_column_text][\/vc_column_inner][\/vc_row_inner][vc_empty_space height=&#8221;92px&#8221;][vc_row_inner][vc_column_inner width=&#8221;1\/4&#8243;][vc_single_image image=&#8221;1407&#8243; img_size=&#8221;full&#8221; alignment=&#8221;center&#8221; onclick=&#8221;custom_link&#8221; img_link_target=&#8221;_blank&#8221; css=&#8221;&#8221; link=&#8221;https:\/\/www.hogrefe.com\/us\/journal\/european-journal-of-psychological-assessment&#8221;][vc_column_text css=&#8221;.vc_custom_1760319285299{margin-top: 0px !important;padding-top: 20px !important;padding-bottom: 20px !important;}&#8221;]<\/p>\n<h3 class=\"cbz\" style=\"text-align: center;\"><span style=\"color: #3baeac;\">European Journal of Psychological Assessment<\/span><\/h3>\n<p>[\/vc_column_text][\/vc_column_inner][vc_column_inner width=&#8221;1\/4&#8243;][vc_single_image image=&#8221;1408&#8243; img_size=&#8221;full&#8221; alignment=&#8221;center&#8221; onclick=&#8221;custom_link&#8221; img_link_target=&#8221;_blank&#8221; link=&#8221;http:\/\/journals.sagepub.com\/home\/ehp&#8221;][vc_column_text css=&#8221;.vc_custom_1760319242804{margin-top: 0px !important;padding-top: 20px !important;padding-bottom: 20px !important;}&#8221;]<\/p>\n<h3 class=\"cbz\" style=\"text-align: center;\"><span style=\"color: #3baeac;\">Evaluation &amp; the Health Professions<\/span><\/h3>\n<p>[\/vc_column_text][\/vc_column_inner][vc_column_inner width=&#8221;1\/4&#8243;][vc_single_image image=&#8221;1409&#8243; img_size=&#8221;full&#8221; alignment=&#8221;center&#8221; onclick=&#8221;custom_link&#8221; img_link_target=&#8221;_blank&#8221; css=&#8221;&#8221; link=&#8221;https:\/\/www.sciencedirect.com\/journal\/evaluation-and-program-planning\/&#8221;][vc_column_text css=&#8221;.vc_custom_1760319264429{margin-top: 0px !important;padding-top: 20px !important;padding-bottom: 20px !important;}&#8221;]<\/p>\n<h3 class=\"cbz\" style=\"text-align: center;\"><span style=\"color: #3baeac;\">Evaluation and Program Planning<\/span><\/h3>\n<p>[\/vc_column_text][\/vc_column_inner][vc_column_inner width=&#8221;1\/4&#8243;][vc_single_image image=&#8221;1413&#8243; img_size=&#8221;full&#8221; alignment=&#8221;center&#8221; onclick=&#8221;custom_link&#8221; img_link_target=&#8221;_blank&#8221; link=&#8221;https:\/\/www.tandfonline.com\/loi\/vjxe20&#8243;][vc_column_text css=&#8221;.vc_custom_1760319211513{margin-top: 0px !important;padding-top: 20px !important;padding-bottom: 20px !important;}&#8221;]<\/p>\n<h3 class=\"cbz\" style=\"text-align: center;\"><span style=\"color: #3baeac;\">The Journal of Experimental Education<\/span><\/h3>\n<p>[\/vc_column_text][\/vc_column_inner][\/vc_row_inner][vc_empty_space height=&#8221;92px&#8221;][vc_row_inner][vc_column_inner width=&#8221;1\/4&#8243;][vc_single_image image=&#8221;1414&#8243; img_size=&#8221;full&#8221; alignment=&#8221;center&#8221; onclick=&#8221;custom_link&#8221; img_link_target=&#8221;_blank&#8221; link=&#8221;http:\/\/journals.sagepub.com\/home\/asm&#8221;][vc_column_text css=&#8221;.vc_custom_1760319188567{margin-top: 0px !important;padding-top: 20px !important;padding-bottom: 20px !important;}&#8221;]<\/p>\n<h3 class=\"cbz\" style=\"text-align: center;\"><span style=\"color: #3baeac;\">Assessment<\/span><\/h3>\n<p>[\/vc_column_text][\/vc_column_inner][vc_column_inner width=&#8221;1\/4&#8243;][vc_single_image image=&#8221;1415&#8243; img_size=&#8221;full&#8221; alignment=&#8221;center&#8221; onclick=&#8221;custom_link&#8221; img_link_target=&#8221;_blank&#8221; link=&#8221;https:\/\/www.tandfonline.com\/toc\/hjpa20\/current&#8221;][vc_column_text css=&#8221;.vc_custom_1760319169025{margin-top: 0px !important;padding-top: 20px !important;padding-bottom: 20px !important;}&#8221;]<\/p>\n<h3 class=\"cbz\" style=\"text-align: center;\"><span style=\"color: #3baeac;\">Journal of Personality Assessment<\/span><\/h3>\n<p>[\/vc_column_text][\/vc_column_inner][vc_column_inner width=&#8221;1\/4&#8243;][\/vc_column_inner][vc_column_inner width=&#8221;1\/4&#8243;][\/vc_column_inner][\/vc_row_inner][vc_empty_space height=&#8221;92px&#8221;][\/vc_column][\/vc_row][vc_row full_width=&#8221;stretch_row&#8221; css=&#8221;.vc_custom_1519253791134{background-image: url(https:\/\/www.cee.unam.mx\/wp-content\/uploads\/2018\/02\/seccionback.jpg?id=412) !important;background-position: center !important;background-repeat: no-repeat !important;background-size: cover !important;}&#8221;][vc_column][vc_empty_space][vc_row_inner][vc_column_inner width=&#8221;1\/3&#8243;][vc_single_image image=&#8221;121&#8243; img_size=&#8221;full&#8221; alignment=&#8221;center&#8221; onclick=&#8221;custom_link&#8221; css=&#8221;.vc_custom_1519683990353{margin-bottom: 15px !important;}&#8221; link=&#8221;https:\/\/www.cee.unam.mx\/index.php\/evaluaciones-unam\/&#8221;][vc_separator color=&#8221;custom&#8221; border_width=&#8221;4&#8243; el_width=&#8221;20&#8243; css=&#8221;.vc_custom_1519253847735{margin-bottom: 22px !important;padding-top: 10px !important;}&#8221; accent_color=&#8221;#ffffff&#8221;][vc_column_text css=&#8221;.vc_custom_1525291351054{margin-top: 0px !important;margin-right: 0px !important;margin-bottom: 0px !important;margin-left: 0px !important;}&#8221;]<\/p>\n<p style=\"text-align: center;\"><a href=\"https:\/\/www.cee.unam.mx\/index.php\/evaluaciones-unam\/\" rel=\"noopener\"><span style=\"color: #ffffff;\">Agencias de evaluaci\u00f3n<\/span><\/a><\/p>\n<p>[\/vc_column_text][vc_empty_space][\/vc_column_inner][vc_column_inner width=&#8221;1\/3&#8243;][vc_single_image image=&#8221;300&#8243; img_size=&#8221;full&#8221; alignment=&#8221;center&#8221; onclick=&#8221;custom_link&#8221; css=&#8221;.vc_custom_1519253729695{margin-bottom: 15px !important;}&#8221; link=&#8221;https:\/\/www.cee.unam.mx\/index.php\/sitios-de-interes\/&#8221;][vc_separator color=&#8221;custom&#8221; border_width=&#8221;4&#8243; el_width=&#8221;20&#8243; css=&#8221;.vc_custom_1519253847735{margin-bottom: 22px !important;padding-top: 10px !important;}&#8221; accent_color=&#8221;#ffffff&#8221;][vc_column_text css=&#8221;.vc_custom_1519254054901{margin-top: 0px !important;margin-right: 0px !important;margin-bottom: 0px !important;margin-left: 0px !important;}&#8221;]<\/p>\n<p style=\"text-align: center;\"><a href=\"https:\/\/www.cee.unam.mx\/index.php\/sitios-de-interes\/\"><span style=\"color: #ffffff;\">Sitios de Inter\u00e9s<\/span><\/a><\/p>\n<p>[\/vc_column_text][vc_empty_space][\/vc_column_inner][vc_column_inner width=&#8221;1\/3&#8243;][vc_single_image image=&#8221;120&#8243; img_size=&#8221;full&#8221; alignment=&#8221;center&#8221; onclick=&#8221;custom_link&#8221; css=&#8221;.vc_custom_1519253945928{margin-bottom: 15px !important;}&#8221; link=&#8221;https:\/\/www.cee.unam.mx\/index.php\/publicaciones\/&#8221;][vc_separator color=&#8221;custom&#8221; border_width=&#8221;4&#8243; el_width=&#8221;20&#8243; css=&#8221;.vc_custom_1519253847735{margin-bottom: 22px !important;padding-top: 10px !important;}&#8221; accent_color=&#8221;#ffffff&#8221;][vc_column_text css=&#8221;.vc_custom_1525290775574{margin-top: 0px !important;margin-right: 0px !important;margin-bottom: 0px !important;margin-left: 0px !important;}&#8221;]<\/p>\n<p style=\"text-align: center;\"><a href=\"https:\/\/www.cee.unam.mx\/index.php\/publicaciones\/\"><span style=\"color: #ffffff;\">Publicaciones especializadas<br \/>\nen evaluaci\u00f3n<\/span><\/a>[\/vc_column_text][vc_empty_space][\/vc_column_inner][\/vc_row_inner][\/vc_column][\/vc_row]<\/p>\n<\/div>","protected":false},"excerpt":{"rendered":"<p>[vc_row full_width=&#8221;stretch_row&#8221; content_placement=&#8221;middle&#8221; css=&#8221;.vc_custom_1759192228870{margin-top: 0px !important;border-top-width: 0px !important;padding-top: 0px !important;background-color: #2B8BD8 !important;}&#8221;][vc_column][vc_column_text css=&#8221;.vc_custom_1777400307560{padding-top: 3% !important;padding-bottom: 3% !important;}&#8221;] PUBLICACIONES [\/vc_column_text][\/vc_column][\/vc_row][vc_row][vc_column][vc_empty_space][vc_row_inner][vc_column_inner width=&#8221;1\/4&#8243;][vc_single_image image=&#8221;2399&#8243; img_size=&#8221;full&#8221; alignment=&#8221;center&#8221; onclick=&#8221;custom_link&#8221; img_link_target=&#8221;_blank&#8221; css=&#8221;&#8221; link=&#8221;https:\/\/www.cee.unam.mx\/wp-content\/uploads\/2020\/09\/Informe_Ejecutivo_Encuesta_Docentes_UNAM_CUAIEED_VF.pdf&#8221;][vc_column_text css=&#8221;.vc_custom_1760318711870{margin-top: 0px !important;padding-top: 20px !important;padding-bottom: 20px !important;}&#8221;] Transici\u00f3n de los profesores de la UNAM a la educaci\u00f3n remota de emergencia durante la pandemia [\/vc_column_text][\/vc_column_inner][vc_column_inner width=&#8221;1\/4&#8243;][vc_single_image image=&#8221;2398&#8243; img_size=&#8221;full&#8221; alignment=&#8221;center&#8221; &hellip; <a href=\"https:\/\/www.cee.unam.mx\/index.php\/publicaciones\/\" class=\"more-link\">Continuar leyendo<span class=\"screen-reader-text\"> &#8220;PUBLICACIONES&#8221;<\/span><\/a><\/p>\n","protected":false},"author":1,"featured_media":0,"parent":0,"menu_order":0,"comment_status":"closed","ping_status":"closed","template":"","meta":{"footnotes":""},"class_list":["post-133","page","type-page","status-publish","hentry"],"_links":{"self":[{"href":"https:\/\/www.cee.unam.mx\/index.php\/wp-json\/wp\/v2\/pages\/133","targetHints":{"allow":["GET"]}}],"collection":[{"href":"https:\/\/www.cee.unam.mx\/index.php\/wp-json\/wp\/v2\/pages"}],"about":[{"href":"https:\/\/www.cee.unam.mx\/index.php\/wp-json\/wp\/v2\/types\/page"}],"author":[{"embeddable":true,"href":"https:\/\/www.cee.unam.mx\/index.php\/wp-json\/wp\/v2\/users\/1"}],"replies":[{"embeddable":true,"href":"https:\/\/www.cee.unam.mx\/index.php\/wp-json\/wp\/v2\/comments?post=133"}],"version-history":[{"count":68,"href":"https:\/\/www.cee.unam.mx\/index.php\/wp-json\/wp\/v2\/pages\/133\/revisions"}],"predecessor-version":[{"id":3083,"href":"https:\/\/www.cee.unam.mx\/index.php\/wp-json\/wp\/v2\/pages\/133\/revisions\/3083"}],"wp:attachment":[{"href":"https:\/\/www.cee.unam.mx\/index.php\/wp-json\/wp\/v2\/media?parent=133"}],"curies":[{"name":"wp","href":"https:\/\/api.w.org\/{rel}","templated":true}]}}