{"id":2800,"date":"2025-09-29T03:43:09","date_gmt":"2025-09-29T03:43:09","guid":{"rendered":"https:\/\/www.cee.unam.mx\/?page_id=2800"},"modified":"2025-10-13T00:50:23","modified_gmt":"2025-10-13T00:50:23","slug":"pbtunambachillerato","status":"publish","type":"page","link":"https:\/\/www.cee.unam.mx\/index.php\/pbtunambachillerato\/","title":{"rendered":"Pru\u00e9b@te UNAM Bachillerato"},"content":{"rendered":"\t\t<div data-elementor-type=\"wp-page\" data-elementor-id=\"2800\" class=\"elementor elementor-2800\">\n\t\t\t\t\t\t<section class=\"elementor-section elementor-top-section elementor-element elementor-element-ff92d3a elementor-section-stretched elementor-section-boxed elementor-section-height-default elementor-section-height-default\" data-id=\"ff92d3a\" data-element_type=\"section\" data-e-type=\"section\" data-settings=\"{&quot;stretch_section&quot;:&quot;section-stretched&quot;,&quot;background_background&quot;:&quot;classic&quot;}\">\n\t\t\t\t\t\t\t<div class=\"elementor-background-overlay\"><\/div>\n\t\t\t\t\t\t\t<div class=\"elementor-container elementor-column-gap-default\">\n\t\t\t\t\t<div class=\"elementor-column elementor-col-100 elementor-top-column elementor-element elementor-element-0dd1f95\" data-id=\"0dd1f95\" data-element_type=\"column\" data-e-type=\"column\">\n\t\t\t<div class=\"elementor-widget-wrap elementor-element-populated\">\n\t\t\t\t\t\t<div class=\"elementor-element elementor-element-19ea37b elementor-widget elementor-widget-heading\" data-id=\"19ea37b\" data-element_type=\"widget\" data-e-type=\"widget\" data-widget_type=\"heading.default\">\n\t\t\t\t<div class=\"elementor-widget-container\">\n\t\t\t\t\t<h2 class=\"elementor-heading-title elementor-size-default\">Pru\u00e9b@te UNAM <br>\nBachillerato<\/h2>\t\t\t\t<\/div>\n\t\t\t\t<\/div>\n\t\t\t\t<div class=\"elementor-element elementor-element-75a0cfd elementor-widget elementor-widget-text-editor\" data-id=\"75a0cfd\" data-element_type=\"widget\" data-e-type=\"widget\" data-widget_type=\"text-editor.default\">\n\t\t\t\t<div class=\"elementor-widget-container\">\n\t\t\t\t\t\t\t\t\tPru\u00e9b@te UNAM Bachillerato es una web app moderna y din\u00e1mica dise\u00f1ada para apoyar a los aspirantes en la preparaci\u00f3n del examen de ingreso al bachillerato de la UNAM.<br>La aplicaci\u00f3n est\u00e1 dise\u00f1ada para utilizarse en cualquier sitio con conexi\u00f3n a Internet utilizando un dispositivo inteligente como una computadora de escritorio, laptop, tablet o tel\u00e9fono movil y en ella podras encontrar:\t\t\t\t\t\t\t\t<\/div>\n\t\t\t\t<\/div>\n\t\t\t\t\t<\/div>\n\t\t<\/div>\n\t\t\t\t\t<\/div>\n\t\t<\/section>\n\t\t\t\t<section class=\"elementor-section elementor-top-section elementor-element elementor-element-a7cbf6f elementor-section-stretched elementor-section-boxed elementor-section-height-default elementor-section-height-default\" data-id=\"a7cbf6f\" data-element_type=\"section\" data-e-type=\"section\" data-settings=\"{&quot;stretch_section&quot;:&quot;section-stretched&quot;,&quot;background_background&quot;:&quot;classic&quot;}\">\n\t\t\t\t\t\t\t<div class=\"elementor-background-overlay\"><\/div>\n\t\t\t\t\t\t\t<div class=\"elementor-container elementor-column-gap-default\">\n\t\t\t\t\t<div class=\"elementor-column elementor-col-100 elementor-top-column elementor-element elementor-element-96e95ee\" data-id=\"96e95ee\" data-element_type=\"column\" data-e-type=\"column\">\n\t\t\t<div class=\"elementor-widget-wrap elementor-element-populated\">\n\t\t\t\t\t\t<section class=\"elementor-section elementor-inner-section elementor-element elementor-element-6ad8495 elementor-section-boxed elementor-section-height-default elementor-section-height-default\" data-id=\"6ad8495\" data-element_type=\"section\" data-e-type=\"section\">\n\t\t\t\t\t\t<div class=\"elementor-container elementor-column-gap-default\">\n\t\t\t\t\t<div class=\"elementor-column elementor-col-50 elementor-inner-column elementor-element elementor-element-627e139\" data-id=\"627e139\" data-element_type=\"column\" data-e-type=\"column\">\n\t\t\t<div class=\"elementor-widget-wrap elementor-element-populated\">\n\t\t\t\t\t\t<div class=\"elementor-element elementor-element-4d7efc4 elementor-widget elementor-widget-heading\" data-id=\"4d7efc4\" data-element_type=\"widget\" data-e-type=\"widget\" data-widget_type=\"heading.default\">\n\t\t\t\t<div class=\"elementor-widget-container\">\n\t\t\t\t\t<h2 class=\"elementor-heading-title elementor-size-default\">1. Repaso y Pr\u00e1ctica:<\/h2>\t\t\t\t<\/div>\n\t\t\t\t<\/div>\n\t\t\t\t<div class=\"elementor-element elementor-element-831a45f elementor-widget elementor-widget-text-editor\" data-id=\"831a45f\" data-element_type=\"widget\" data-e-type=\"widget\" data-widget_type=\"text-editor.default\">\n\t\t\t\t<div class=\"elementor-widget-container\">\n\t\t\t\t\t\t\t\t\tLa plataforma cuenta con un m\u00f3dulo de repaso y practica de materias en las que el estudiante puede consultar cada una de las asignaturas que comprende el examen con diferentes retos y actividades de estudio dise\u00f1ados para hacer la tarea amigable y din\u00e1mica.\t\t\t\t\t\t\t\t<\/div>\n\t\t\t\t<\/div>\n\t\t\t\t\t<\/div>\n\t\t<\/div>\n\t\t\t\t<div class=\"elementor-column elementor-col-50 elementor-inner-column elementor-element elementor-element-285bbd5\" data-id=\"285bbd5\" data-element_type=\"column\" data-e-type=\"column\">\n\t\t\t<div class=\"elementor-widget-wrap elementor-element-populated\">\n\t\t\t\t\t\t<div class=\"elementor-element elementor-element-24127f9 elementor-widget elementor-widget-image\" data-id=\"24127f9\" data-element_type=\"widget\" data-e-type=\"widget\" data-widget_type=\"image.default\">\n\t\t\t\t<div class=\"elementor-widget-container\">\n\t\t\t\t\t\t\t\t\t\t\t\t\t\t\t<img fetchpriority=\"high\" decoding=\"async\" width=\"840\" height=\"478\" src=\"https:\/\/www.cee.unam.mx\/wp-content\/uploads\/2025\/10\/girl-1024x583.png\" class=\"attachment-large size-large wp-image-2966\" alt=\"\" srcset=\"https:\/\/www.cee.unam.mx\/wp-content\/uploads\/2025\/10\/girl-1024x583.png 1024w, https:\/\/www.cee.unam.mx\/wp-content\/uploads\/2025\/10\/girl-300x171.png 300w, https:\/\/www.cee.unam.mx\/wp-content\/uploads\/2025\/10\/girl-768x437.png 768w, https:\/\/www.cee.unam.mx\/wp-content\/uploads\/2025\/10\/girl-1200x683.png 1200w, https:\/\/www.cee.unam.mx\/wp-content\/uploads\/2025\/10\/girl.png 1263w\" sizes=\"(max-width: 709px) 85vw, (max-width: 909px) 67vw, (max-width: 1362px) 62vw, 840px\" \/>\t\t\t\t\t\t\t\t\t\t\t\t\t\t\t<\/div>\n\t\t\t\t<\/div>\n\t\t\t\t\t<\/div>\n\t\t<\/div>\n\t\t\t\t\t<\/div>\n\t\t<\/section>\n\t\t\t\t<section class=\"elementor-section elementor-inner-section elementor-element elementor-element-bab8927 elementor-section-boxed elementor-section-height-default elementor-section-height-default\" data-id=\"bab8927\" data-element_type=\"section\" data-e-type=\"section\">\n\t\t\t\t\t\t<div class=\"elementor-container elementor-column-gap-default\">\n\t\t\t\t\t<div class=\"elementor-column elementor-col-50 elementor-inner-column elementor-element elementor-element-89bf490\" data-id=\"89bf490\" data-element_type=\"column\" data-e-type=\"column\">\n\t\t\t<div class=\"elementor-widget-wrap elementor-element-populated\">\n\t\t\t\t\t\t<div class=\"elementor-element elementor-element-a6b7cbf elementor-widget elementor-widget-image\" data-id=\"a6b7cbf\" data-element_type=\"widget\" data-e-type=\"widget\" data-widget_type=\"image.default\">\n\t\t\t\t<div class=\"elementor-widget-container\">\n\t\t\t\t\t\t\t\t\t\t\t\t\t\t\t<img decoding=\"async\" width=\"840\" height=\"478\" src=\"https:\/\/www.cee.unam.mx\/wp-content\/uploads\/2025\/10\/boy-1024x583.png\" class=\"attachment-large size-large wp-image-2967\" alt=\"\" srcset=\"https:\/\/www.cee.unam.mx\/wp-content\/uploads\/2025\/10\/boy-1024x583.png 1024w, https:\/\/www.cee.unam.mx\/wp-content\/uploads\/2025\/10\/boy-300x171.png 300w, https:\/\/www.cee.unam.mx\/wp-content\/uploads\/2025\/10\/boy-768x437.png 768w, https:\/\/www.cee.unam.mx\/wp-content\/uploads\/2025\/10\/boy-1200x683.png 1200w, https:\/\/www.cee.unam.mx\/wp-content\/uploads\/2025\/10\/boy.png 1263w\" sizes=\"(max-width: 709px) 85vw, (max-width: 909px) 67vw, (max-width: 1362px) 62vw, 840px\" \/>\t\t\t\t\t\t\t\t\t\t\t\t\t\t\t<\/div>\n\t\t\t\t<\/div>\n\t\t\t\t\t<\/div>\n\t\t<\/div>\n\t\t\t\t<div class=\"elementor-column elementor-col-50 elementor-inner-column elementor-element elementor-element-d5a11e6\" data-id=\"d5a11e6\" data-element_type=\"column\" data-e-type=\"column\">\n\t\t\t<div class=\"elementor-widget-wrap elementor-element-populated\">\n\t\t\t\t\t\t<div class=\"elementor-element elementor-element-33f40dd elementor-widget elementor-widget-heading\" data-id=\"33f40dd\" data-element_type=\"widget\" data-e-type=\"widget\" data-widget_type=\"heading.default\">\n\t\t\t\t<div class=\"elementor-widget-container\">\n\t\t\t\t\t<h2 class=\"elementor-heading-title elementor-size-default\">2. Ex\u00e1menes de Pr\u00e1ctica: <\/h2>\t\t\t\t<\/div>\n\t\t\t\t<\/div>\n\t\t\t\t<div class=\"elementor-element elementor-element-a5d047b elementor-widget elementor-widget-text-editor\" data-id=\"a5d047b\" data-element_type=\"widget\" data-e-type=\"widget\" data-widget_type=\"text-editor.default\">\n\t\t\t\t<div class=\"elementor-widget-container\">\n\t\t\t\t\t\t\t\t\tCuenta con cinco ex\u00e1menes de pr\u00e1ctica que le permitir\u00e1n al estudiante identificar aquellas \u00e1reas que necesita reforzar, adem\u00e1s de que le permite familiarizarse con la estructura del examen.\t\t\t\t\t\t\t\t<\/div>\n\t\t\t\t<\/div>\n\t\t\t\t<div class=\"elementor-element elementor-element-4dcbaf3 elementor-widget-divider--view-line elementor-widget elementor-widget-divider\" data-id=\"4dcbaf3\" data-element_type=\"widget\" data-e-type=\"widget\" data-widget_type=\"divider.default\">\n\t\t\t\t<div class=\"elementor-widget-container\">\n\t\t\t\t\t\t\t<div class=\"elementor-divider\">\n\t\t\t<span class=\"elementor-divider-separator\">\n\t\t\t\t\t\t<\/span>\n\t\t<\/div>\n\t\t\t\t\t\t<\/div>\n\t\t\t\t<\/div>\n\t\t\t\t\t<\/div>\n\t\t<\/div>\n\t\t\t\t\t<\/div>\n\t\t<\/section>\n\t\t\t\t\t<\/div>\n\t\t<\/div>\n\t\t\t\t\t<\/div>\n\t\t<\/section>\n\t\t\t\t<section class=\"elementor-section elementor-top-section elementor-element elementor-element-8120ca8 elementor-section-stretched elementor-section-boxed elementor-section-height-default elementor-section-height-default\" data-id=\"8120ca8\" data-element_type=\"section\" data-e-type=\"section\" data-settings=\"{&quot;stretch_section&quot;:&quot;section-stretched&quot;}\">\n\t\t\t\t\t\t<div class=\"elementor-container elementor-column-gap-default\">\n\t\t\t\t\t<div class=\"elementor-column elementor-col-25 elementor-top-column elementor-element elementor-element-9b63589\" data-id=\"9b63589\" data-element_type=\"column\" data-e-type=\"column\">\n\t\t\t<div class=\"elementor-widget-wrap\">\n\t\t\t\t\t\t\t<\/div>\n\t\t<\/div>\n\t\t\t\t<div class=\"elementor-column elementor-col-50 elementor-top-column elementor-element elementor-element-862a863\" data-id=\"862a863\" data-element_type=\"column\" data-e-type=\"column\">\n\t\t\t<div class=\"elementor-widget-wrap elementor-element-populated\">\n\t\t\t\t\t\t<div class=\"elementor-element elementor-element-f3329ea elementor-widget elementor-widget-image\" data-id=\"f3329ea\" data-element_type=\"widget\" data-e-type=\"widget\" data-widget_type=\"image.default\">\n\t\t\t\t<div class=\"elementor-widget-container\">\n\t\t\t\t\t\t\t\t\t\t\t\t\t\t\t\t<a href=\"https:\/\/www.pruebate.bach.unam.mx:8181\/pruebateb\/\">\n\t\t\t\t\t\t\t<img decoding=\"async\" width=\"840\" height=\"400\" src=\"https:\/\/www.cee.unam.mx\/wp-content\/uploads\/2025\/10\/pbach_home_1400-1024x488.png\" class=\"attachment-large size-large wp-image-2971\" alt=\"\" srcset=\"https:\/\/www.cee.unam.mx\/wp-content\/uploads\/2025\/10\/pbach_home_1400-1024x488.png 1024w, https:\/\/www.cee.unam.mx\/wp-content\/uploads\/2025\/10\/pbach_home_1400-300x143.png 300w, https:\/\/www.cee.unam.mx\/wp-content\/uploads\/2025\/10\/pbach_home_1400-768x366.png 768w, https:\/\/www.cee.unam.mx\/wp-content\/uploads\/2025\/10\/pbach_home_1400-1200x572.png 1200w, https:\/\/www.cee.unam.mx\/wp-content\/uploads\/2025\/10\/pbach_home_1400.png 1400w\" sizes=\"(max-width: 709px) 85vw, (max-width: 909px) 67vw, (max-width: 1362px) 62vw, 840px\" \/>\t\t\t\t\t\t\t\t<\/a>\n\t\t\t\t\t\t\t\t\t\t\t\t\t\t\t<\/div>\n\t\t\t\t<\/div>\n\t\t\t\t\t<\/div>\n\t\t<\/div>\n\t\t\t\t<div class=\"elementor-column elementor-col-25 elementor-top-column elementor-element elementor-element-c45ea49\" data-id=\"c45ea49\" data-element_type=\"column\" data-e-type=\"column\">\n\t\t\t<div class=\"elementor-widget-wrap\">\n\t\t\t\t\t\t\t<\/div>\n\t\t<\/div>\n\t\t\t\t\t<\/div>\n\t\t<\/section>\n\t\t\t\t<section class=\"elementor-section elementor-top-section elementor-element elementor-element-f92fe39 elementor-section-stretched elementor-section-boxed elementor-section-height-default elementor-section-height-default\" data-id=\"f92fe39\" data-element_type=\"section\" data-e-type=\"section\" data-settings=\"{&quot;stretch_section&quot;:&quot;section-stretched&quot;,&quot;background_background&quot;:&quot;classic&quot;}\">\n\t\t\t\t\t\t\t<div class=\"elementor-background-overlay\"><\/div>\n\t\t\t\t\t\t\t<div class=\"elementor-container elementor-column-gap-default\">\n\t\t\t\t\t<div class=\"elementor-column elementor-col-100 elementor-top-column elementor-element elementor-element-744b880\" data-id=\"744b880\" data-element_type=\"column\" data-e-type=\"column\">\n\t\t\t<div class=\"elementor-widget-wrap elementor-element-populated\">\n\t\t\t\t\t\t<div class=\"elementor-element elementor-element-a8a3de9 elementor-widget elementor-widget-text-editor\" data-id=\"a8a3de9\" data-element_type=\"widget\" data-e-type=\"widget\" data-widget_type=\"text-editor.default\">\n\t\t\t\t<div class=\"elementor-widget-container\">\n\t\t\t\t\t\t\t\t\tExiste un apartado con bibliograf\u00eda para estudiar con mayor profundidad algunos temas y recomendaciones que ser\u00e1n de utilidad para el estudiante a lo largo del proceso de estudio.\t\t\t\t\t\t\t\t<\/div>\n\t\t\t\t<\/div>\n\t\t\t\t<div class=\"elementor-element elementor-element-c0c72a0 elementor-align-center elementor-widget elementor-widget-button\" data-id=\"c0c72a0\" data-element_type=\"widget\" data-e-type=\"widget\" data-widget_type=\"button.default\">\n\t\t\t\t<div class=\"elementor-widget-container\">\n\t\t\t\t\t\t\t\t\t<div class=\"elementor-button-wrapper\">\n\t\t\t\t\t<a class=\"elementor-button elementor-button-link elementor-size-sm\" href=\"https:\/\/www.pruebate.bach.unam.mx:8181\/pruebateb\/\" target=\"_blank\">\n\t\t\t\t\t\t<span class=\"elementor-button-content-wrapper\">\n\t\t\t\t\t\t\t\t\t<span class=\"elementor-button-text\">VISITAR SITIO<\/span>\n\t\t\t\t\t<\/span>\n\t\t\t\t\t<\/a>\n\t\t\t\t<\/div>\n\t\t\t\t\t\t\t\t<\/div>\n\t\t\t\t<\/div>\n\t\t\t\t\t<\/div>\n\t\t<\/div>\n\t\t\t\t\t<\/div>\n\t\t<\/section>\n\t\t\t\t<section class=\"elementor-section elementor-top-section elementor-element elementor-element-6f09a3d elementor-section-boxed elementor-section-height-default elementor-section-height-default\" data-id=\"6f09a3d\" data-element_type=\"section\" data-e-type=\"section\">\n\t\t\t\t\t\t<div class=\"elementor-container elementor-column-gap-default\">\n\t\t\t\t\t<div class=\"elementor-column elementor-col-100 elementor-top-column elementor-element elementor-element-34b64ad\" data-id=\"34b64ad\" data-element_type=\"column\" data-e-type=\"column\">\n\t\t\t<div class=\"elementor-widget-wrap\">\n\t\t\t\t\t\t\t<\/div>\n\t\t<\/div>\n\t\t\t\t\t<\/div>\n\t\t<\/section>\n\t\t\t\t<\/div>\n\t\t","protected":false},"excerpt":{"rendered":"<p>Pru\u00e9b@te UNAM Bachillerato Pru\u00e9b@te UNAM Bachillerato es una web app moderna y din\u00e1mica dise\u00f1ada para apoyar a los aspirantes en la preparaci\u00f3n del examen de ingreso al bachillerato de la UNAM.La aplicaci\u00f3n est\u00e1 dise\u00f1ada para utilizarse en cualquier sitio con conexi\u00f3n a Internet utilizando un dispositivo inteligente como una computadora de escritorio, laptop, tablet o &hellip; <a href=\"https:\/\/www.cee.unam.mx\/index.php\/pbtunambachillerato\/\" class=\"more-link\">Continuar leyendo<span class=\"screen-reader-text\"> &#8220;Pru\u00e9b@te UNAM Bachillerato&#8221;<\/span><\/a><\/p>\n","protected":false},"author":1,"featured_media":0,"parent":0,"menu_order":0,"comment_status":"closed","ping_status":"closed","template":"","meta":{"footnotes":""},"class_list":["post-2800","page","type-page","status-publish","hentry"],"_links":{"self":[{"href":"https:\/\/www.cee.unam.mx\/index.php\/wp-json\/wp\/v2\/pages\/2800","targetHints":{"allow":["GET"]}}],"collection":[{"href":"https:\/\/www.cee.unam.mx\/index.php\/wp-json\/wp\/v2\/pages"}],"about":[{"href":"https:\/\/www.cee.unam.mx\/index.php\/wp-json\/wp\/v2\/types\/page"}],"author":[{"embeddable":true,"href":"https:\/\/www.cee.unam.mx\/index.php\/wp-json\/wp\/v2\/users\/1"}],"replies":[{"embeddable":true,"href":"https:\/\/www.cee.unam.mx\/index.php\/wp-json\/wp\/v2\/comments?post=2800"}],"version-history":[{"count":11,"href":"https:\/\/www.cee.unam.mx\/index.php\/wp-json\/wp\/v2\/pages\/2800\/revisions"}],"predecessor-version":[{"id":2974,"href":"https:\/\/www.cee.unam.mx\/index.php\/wp-json\/wp\/v2\/pages\/2800\/revisions\/2974"}],"wp:attachment":[{"href":"https:\/\/www.cee.unam.mx\/index.php\/wp-json\/wp\/v2\/media?parent=2800"}],"curies":[{"name":"wp","href":"https:\/\/api.w.org\/{rel}","templated":true}]}}